 be p(30). Let r(u) = u + 35. What is r(q)?
20
Suppose -3 + 5 = t. Let i(h) = 3*h**t + 3 + 5 - 7 - h. Give i(2).
11
Let z(k) = 3*k**3 - 2*k**2 - 3. Let h(r) = 16*r**3 - 11*r**2 + r - 16. Let o(m) = 2*h(m) - 11*z(m). Let f be 15/6*(-8)/(-10). Calculate o(f).
-3
Let b(u) be the third derivative of -u**6/120 + u**5/6 + u**4/12 - 9*u**3/2 - 2*u**2 + 7. Determine b(10).
-7
Let m(y) = y. Suppose 10 = -3*d - g, 18*d - 4*g = 22*d + 24. Let j(w) = 0*w + 2*w - 3*w + 1. Let h(s) = d*m(s) - j(s). Give h(3).
-4
Let p(c) = -9 - 6*c - 11 + 22. Determine p(5).
-28
Let z(i) = -47 - 4*i + 0 + 5*i - 5 - 3*i. Determine z(-24).
-4
Suppose 3*a - 1 = -2*r, -r - 2 = -54*a + 55*a. Let b(g) = g - 11. What is b(r)?
-18
Let r be (-26)/8 + 2/8. Let a(w) be the third derivative of -w**6/120 - w**5/15 + 2*w**3/3 + 220*w**2. What is a(r)?
-5
Let t be -1 + (-21 - 4 - 3). Let m = t - -36. Let f(z) = z + 15 - m + z**2 - 2*z**2 - 5. Calculate f(0).
3
Suppose 4*p + 4*y - 32 = 0, 8 = -4*p - 0*y + 4*y. Let g(o) = o**3 + o**2 - 3*o - 1. What is g(p)?
26
Let w be (112/24)/((-2)/(-3)). Let v(r) = -2*r**3 - 8*r - w*r**2 - r**3 + 0*r**3 - 6 + 2*r**3. Determine v(-6).
6
Let m(n) = -n**2 - 2*n + 2. Suppose 4*o + 147 = 159. Determine m(o).
-13
Let k(v) be the third derivative of 0*v - 1/24*v**4 - 94*v**2 + 0 + 0*v**3. Let p be (-2)/5 + 4/10. Determine k(p).
0
Let y be (15/(-9))/((-130)/78). Let a(x) = -30*x**3 - x**2 - x + 1. Calculate a(y).
-31
Let o(g) = -g**3 + 3*g**2 + 3*g - 2. Let x be 4 + (-15)/(-9)*-3. Let h be 6*(1/(-3))/(x*1). Determine o(h).
8
Let c(x) = -x**3 + 3*x**2 + x - 3. Suppose 11*d - 12 = 5*d. Determine c(d).
3
Let h(u) = 6*u + 62*u**2 + u**3 + 5 - 115*u**2 + 59*u**2. Give h(-5).
0
Let f be (-2)/14*-2 + (-75)/(-105). Let d(j) = -3*j**2 - 5. Let g(o) = -o**2 + 1. Let u(l) = f*d(l) + 6*g(l). Calculate u(-1).
-8
Let i be (83 + 1)*-1*2/(-3). Suppose 0 = i*w - 62*w. Let b(c) = c**2 + 7. What is b(w)?
7
Let x(n) = 2*n + 2. Let f(t) = -10*t - 8. Let s(a) = 9*a + 7. Let o(m) = 6*f(m) + 7*s(m). Let p(q) = -3*o(q) + 4*x(q). Give p(5).
0
Let o(w) = -w**3 + 14*w**2 + 17*w - 37. Let q be o(15). Let h(u) = u**2 + 8*u - 7. Give h(q).
-14
Let g(a) = 13*a**3 - 2*a - 2. Let s be g(-1). Let z = s - -18. Let b(m) = -4*m + 5 + 0*m**2 - m**2 + 2*m**2. Determine b(z).
10
Let p(j) = -20*j - 1. Let v(m) = -37*m - 1. Let n(z) = 11*p(z) - 6*v(z). Determine n(-4).
-13
Let h(p) = 3*p**3 + p - 9. Let s(f) = -5*f**3 - 2*f + 17. Let n(d) = 7*h(d) + 4*s(d). Let y be (-4)/16 - (-1)/4. Suppose g - 3*g = y. Determine n(g).
5
Suppose 0 = 5*l + 20, 29*q + 2*l = 30*q - 8. Let w(a) be the third derivative of -a**4/24 - 2*a**3/3 + a**2. Calculate w(q).
-4
Let u(d) = -5*d**2 - 158 + 236 + d**3 - 3*d - 45. What is u(4)?
5
Let s(y) be the third derivative of -y**6/60 + 13*y**5/30 - 11*y**4/12 - 29*y**3/6 - 12*y**2. Let r be s(12). Let k(n) = n**2 + 5*n + 7. Give k(r).
7
Let m(p) = -31*p**2 - 1 - p + 6*p**2 - 4*p**3 - p**3 + 4*p**3 + 19*p**2. Calculate m(-6).
5
Suppose 55*s = 37*s - 216. Let z(o) = 2*o + 15. Determine z(s).
-9
Let a(n) = 10*n - 5. Let z(g) = 10*g - 4. Let w(y) = 3*a(y) - 4*z(y). Suppose 0 = t + 4 - 3. Calculate w(t).
11
Let w(k) = k**3 + k**2 + 4. Let l be 2*(1 - 0)*(-10)/(-4). Suppose -j = y + 1, -3*y + 2*y + l = -5*j. Give w(y).
4
Let u(y) be the first derivative of -y**3/3 + 5*y**2/2 + 4*y - 1. Let r be u(6). Let w be r + (-2 - -3)*-3. Let l(j) = 2*j + 6. Calculate l(w).
-4
Let m(j) = -j**3 - 9*j**2 + 8*j. Let c be m(-10). Let x be (0 - 1)/(-2 - (-44)/c). Let k(t) = -t**3 - 5*t**2 + 2*t - 3. What is k(x)?
-13
Let r(p) be the second derivative of p**4/12 - p**3/2 + p**2 + 5*p. Suppose -5 = v - 10. Suppose -4*d + v + 3 = 0. What is r(d)?
0
Let n(m) = m**2 - 4*m - 7. Let j be n(6). Let f be 4/(-20) + 1/j. Let i(y) = 2*y**2 + f*y**2 + 0*y + 2 - y - y**2. Give i(3).
8
Let g = -88 + 93. Suppose -g*n = -3*j - 20, -3*n - 12 = -4*j - 6*n. Let r(z) = z**2 + z + 1. Give r(j).
1
Let a(d) = d**2 + 3*d - 9. Let u = 174 - 117. Let z = u + -61. Calculate a(z).
-5
Let z = -100 + 97. Let q(l) = -3*l - 5. Determine q(z).
4
Let h(k) = 5*k + 6. Let r be h(-2). Let i(o) = -o**3 - 2*o**2 - 3*o - 2. Give i(r).
42
Let h(s) be the first derivative of 0*s - 8/3*s**3 - 4 - 1/120*s**5 - 1/8*s**4 + 0*s**2. Let t(i) be the third derivative of h(i). What is t(-3)?
0
Let n = -30 + 31. Let v(m) = 3 - 6*m**2 - n + 5*m**2 - 6*m + 11*m. Calculate v(6).
-4
Let s(w) be the second derivative of w**4/12 - w**3/2 + w**2/2 + 37*w. What is s(6)?
19
Let s(w) be the first derivative of w**4/4 + 4*w**3/3 + 5*w + 128. Determine s(-4).
5
Suppose 9 = -9*t + 6*t. Let f = t + -2. Let o(b) = -2 - b**2 - 3*b - 3*b + 0*b. Give o(f).
3
Let s(w) = w + 12. Let a be s(-9). Suppose -2 = -a*d - 4*r, -2*d + 5*r - 5 = -7*d. Let j(i) = i**d + 5*i + 2*i**3 - 3*i + 2 - i**3. Calculate j(-2).
-6
Let r(g) be the third derivative of -g**7/840 + g**6/60 - g**5/30 + g**4/12 + 7*g**3/3 + 36*g**2. Let x(h) be the first derivative of r(h). Give x(4).
18
Let q(h) = 5*h - 6. Let f = 5 + -1. Determine q(f).
14
Let y(j) be the second derivative of j + 1/3*j**3 + 1/20*j**5 - 5/12*j**4 + 0 - 2*j**2. Let c = 82 - 77. Determine y(c).
6
Let a(i) = -4*i - 24. Let u be a(-6). Let n(w) = 0*w - w - 1 + 5. Calculate n(u).
4
Let v(x) = x**3 - x**2 - 2*x + 3. Let z be v(0). Suppose -j - 7 = -z. Let h(t) = t**3 + 3*t**2 - 2*t - 3. Calculate h(j).
-11
Suppose c = -0*m + 2*m + 15, 0 = -2*m + 6. Let w = c + -15. Let i(x) = -2*x + 7. Give i(w).
-5
Let w(b) = -5*b - 27. Let t(c) = 11*c + 60. Let l(y) = -6*t(y) - 13*w(y). Give l(-7).
-2
Let d(c) = c**2 - 7*c - 1. Let q = 337 - 331. Give d(q).
-7
Let l(r) = -r**2 - 12*r - 9. Suppose -8*g + 150 = -23*g. What is l(g)?
11
Let f(k) be the second derivative of -k**4/12 + k**3/2 - 3*k**2/2 - 21*k. Calculate f(3).
-3
Suppose -50 = -11*m + 49. Let f be 2/(-7) + 54/(-7). Let o = m + f. Let b(i) = -11*i**3. Calculate b(o).
-11
Suppose -4*r + 3*r + 2 = 0. Let y(o) = 2*o + 8. Let j be -10*7/(-140)*-10. Let b(q) = q + 4. Let x(l) = j*b(l) + r*y(l). What is x(0)?
-4
Let o = 12 - 12. Suppose o = 5*g + 13 + 2. Let m(p) = -p - 2*p**2 - 3*p + 0*p - 6 + 5. Give m(g).
-7
Let l = -811 + 805. Let k(t) = 2*t**2 + 15*t + 8. Determine k(l).
-10
Let a(y) = -y**3 + 2*y**2 + 3*y - 1. Let c(s) = -s + 3*s - 3 + 4*s - 4*s. Let f be c(3). Suppose -3*l + 13 = 4*r, -2*l + f*r + 2 = -1. Give a(l).
-1
Let a = 1057 - 1049. Let n(u) = 6*u - 16. Calculate n(a).
32
Let k(s) = -s**2 - 3*s + 1. Let p(f) = 2*f**2 - 3*f. Let c be p(2). Let n be -1 + 2 + (-45)/(-5). Suppose -c*w = n - 2. What is k(w)?
-3
Let c(s) = -s - 8. Let g(k) be the first derivative of k**3/3 - k**2/2 + 2*k - 5. Let o be g(0). Let i(p) = 3*p**2 - 5*p + 4. Let q be i(o). Give c(q).
-14
Let d(q) = 2*q**2 + 3*q. Let y(h) = 4*h**2 + 5*h. Let m(t) = 7*d(t) - 4*y(t). What is m(-1)?
-3
Let s(y) = -53*y - 4 + 1 + 1 + 70*y. What is s(-2)?
-36
Let g(x) = -702*x + 4 + 5 + 703*x. Calculate g(-11).
-2
Let g(b) = -36*b - 36. Let d(p) = -2 + 7*p - 5*p - 7*p - 3. Let z(x) = -15*d(x) + 2*g(x). Give z(-4).
-9
Let s(b) = -b**2 + 7*b + 2. Suppose 3*o = 8 + 13. Let w be s(o). Let r(j) = 6*j + 6 - w - 3*j. Give r(-3).
-5
Let j(m) = -m**2 + 5*m**2 - 56*m - 28*m + 81*m - 5. Calculate j(-2).
17
Let b = 401 - 395. Let w(u) = u**2 - u + 3. Give w(b).
33
Let w(i) be the third derivative of i**6/120 - 3*i**5/10 + i**4/12 - 9*i**3/2 + 2*i**2 - 138. What is w(18)?
9
Let m(f) be the third derivative of -f**4/24 + 5*f**3/6 - 107*f**2. Let d(b) = 2*b - 8. Let j be d(6). Calculate m(j).
1
Let d = 327 - 322. Let g(t) = t**2 - 6*t - 3. Determine g(d).
-8
Suppose g + 4*t = 6 + 6, -2*t - 18 = -g. Let n(h) = g*h + 30 - 30. Determine n(1).
16
Let w(b) = 13*b**3 - 7*b**2 - 25*b - 20. Let c(f) = 3*f**3 - 2*f**2 - 6*f - 5. Let k(r) = -9*c(r) + 2*w(r). Determine k(4).
21
Let l(r) be the third derivative of r**6/120 + r**5/15 + r**4/6 + r**3/6 - 84*r**2 - 3. Calculate l(-1).
0
Let v(i) = -12*i + 2*i**3 - 5*i**2 - 5*i**3 - i**2 + 11*i + i**3. What is v(-4)?
36
Let h = -88 + 93. Let n(r) be the second derivative of 0*r**3 - 1/12*r**4 + 1/2*r**2 + 0 - 7*r + 1/20*r**h. Calculate n(2).
5
Suppose -33 + 23 = -5*v. Let j(c) = 2 - 4*c**2 - 6*c**3 + 5*c - 6 + 7*c**v + 1. Let z(f) = -f**3 + f**2 - 1. Let s(g) = -j(g) + 5*z(g). Give s(-3).
4
Let i(g) = -2*g - 5. Le